= -6 - -13. Let k(s) be the third derivative of 5*s**4/12 + 5*s**3/3 - s**2. Let a be k(d). Calculate the greatest common divisor of a and 8.
8
Let m be 18/(-24) + (-74)/8. Let c = m - -24. Let f be ((-35)/(-2))/5*36. Calculate the greatest common factor of f and c.
14
Suppose 4*i - 2*b - 138 = 0, 4*b - 2*b - 54 = -2*i. Let n be ((-9)/(-6))/(6/i). Let o be (-1)/3 + 580/12. Calculate the highest common divisor of o and n.
8
Suppose 3*w = -2*s + 14, -5*s + 2*w + 22 = 3*w. Let d(i) = 6*i**2 - i + 1. Let z be d(s). Let n = z + -51. What is the highest common factor of n and 14?
14
Let z be 2 + (-1 - 1) - 4. Let o be 9*(z/(-6) + 0). What is the highest common factor of o and 6?
6
Let y(i) = -i + 3. Let l be y(0). Suppose 2*t = -l*t + 850. Calculate the highest common divisor of t and 17.
17
Let b = -10 + 13. Let x be 0 + -2 - (-11 + 3). Calculate the greatest common factor of x and b.
3
Let y(u) = 2*u - 3. Let k be y(6). Let i(b) = -b**2 + 7*b - 3. Let a be i(7). Let o be (-42)/4*18/a. Calculate the greatest common factor of k and o.
9
Let u be (27/(-12) - 0)/(2/(-8)). Suppose -1260 = -4*p - p. Suppose -u*g + 6*g = -p. Calculate the highest common divisor of g and 12.
12
Suppose -9*h + 6*h = -120. Calculate the highest common factor of h and 60.
20
Let w be 4 - (-18)/(-5) - (-678)/5. Calculate the highest common divisor of w and 17.
17
Suppose 3*l = 4*l - 29. Let z(t) = 233*t**2 - 7*t + 6. Let u be z(1). What is the highest common divisor of u and l?
29
Suppose -2*n - 513 = -3*k, -855 = -2*k - 3*k - n. Let x be (-33 - 6)/(-3) + 6. What is the highest common factor of x and k?
19
Let i(s) = -2*s - 2. Let f be i(-2). Calculate the highest common divisor of f and 6.
2
Suppose 310 = 3*j + x - 15, 0 = -2*x - 10. What is the greatest common divisor of 10 and j?
10
Let h be 114*(1/(-2))/1. Let u = h + 103. Suppose 345 = 4*s - 115. What is the greatest common factor of s and u?
23
Let d be (1/3)/((-3)/(-27)). Suppose d*r = -r + 8. Calculate the highest common factor of 10 and r.
2
Let o = 56 - 8. Let j be (-8 + 9)/(1/16). What is the greatest common divisor of o and j?
16
Let u = 68 - 18. What is the highest common factor of u and 75?
25
Let b(i) = -i**2 + 2*i + 14. Let f be b(4). What is the highest common divisor of f and 12?
6
Suppose 5*w - 341 = -2*v, 0*w + 5*w = v + 347. What is the highest common divisor of w and 23?
23
Suppose 50 = 5*x + 10. What is the highest common factor of x and 40?
8
Let a(k) = -k**3 + 5*k**2 + 8*k - 5. Let m be a(6). Suppose -8 - m = -3*s. What is the highest common divisor of s and 5?
5
Suppose -47*f - 70 = -52*f. Calculate the greatest common factor of 35 and f.
7
Let l be (32/8)/(2/36). Calculate the highest common factor of l and 18.
18
Suppose 0 = -5*j + j - 8, 4 = -t - 4*j. Suppose -w = t*w - 495. What is the greatest common divisor of 9 and w?
9
Let j = -8 - -15. Suppose 4*v - j = 3*v. Let g = v - 4. What is the highest common factor of 3 and g?
3
Let n be -3 - -2 - 1*-31. Suppose 20 = -4*c + 5*c. What is the greatest common factor of c and n?
10
Let p be (1/(-2))/(3/18). Let c(m) = 3*m**2 + m. Let t be c(p). What is the highest common divisor of 8 and t?
8
Let i(r) = 33*r. Let q be i(6). Let b = q + -108. Let d be (1 + 9/(-15))*b. Calculate the highest common factor of d and 12.
12
Suppose -18 = -3*j - 9. What is the highest common divisor of 21 and j?
3
Suppose 6*i - 2 - 112 = 0. Calculate the highest common factor of 19 and i.
19
Let y(g) = -35*g + 3. Let x be y(-3). Calculate the highest common divisor of x and 27.
27
Suppose 5*c = 25, -225 = -4*q - 3*c + 2*c. Calculate the highest common factor of q and 495.
55
Let r be ((-38)/(-4))/((-3)/(-6)). Let w = 118 - r. What is the greatest common factor of w and 11?
11
Let h be ((-50)/(-15))/(33/(-9) + 4). What is the greatest common factor of h and 40?
10
Let q(x) = 8*x**3 - 18 - 12*x - 13*x**2 + 2*x**3 - 9*x**3. Let a be q(14). Calculate the highest common factor of 15 and a.
5
Let z(w) = 7*w**3 - w**2. Let u be z(1). What is the greatest common factor of u and 6?
6
Let w = -17 + 28. Let t = 11 + 0. What is the greatest common divisor of t and w?
11
Let i(b) = 1. Let m(x) = 5*x**2 - 4. Let y(c) = 5*i(c) + m(c). Let v be y(-1). What is the highest common factor of v and 9?
3
Suppose 4*h - 72 + 8 = 0. What is the highest common factor of 16 and h?
16
Let w(n) = -4*n + 2. Let l be w(-5). What is the greatest common factor of 176 and l?
22
Suppose -4*n - 4*l + 92 = 0, -3*n - 3*l + l + 71 = 0. Let y = -68 + 118. What is the highest common factor of n and y?
25
Let d = -82 - -152. What is the highest common divisor of 14 and d?
14
Let c be 24/(-16) + 1/2*27. Calculate the greatest common factor of c and 108.
12
Let q = 0 - -5. Suppose -71 - 9 = -q*p. Suppose 2*w + p = 3*w. Calculate the highest common divisor of 16 and w.
16
Let l(j) = -j**2 + 5*j + 0 + 5*j + 6 + 2*j**2. Let n be l(-9). Let f(m) = -23*m + 1. Let d be f(n). What is the highest common divisor of 10 and d?
10
Let b = 60 - 32. What is the highest common factor of 4 and b?
4
Suppose 2*i - 22 = -3*n, -2*n - n = -3*i + 3. Let b be (-30)/(2 - 10/n). Calculate the greatest common divisor of 24 and b.
12
Let a be ((-52)/6)/(4/6). Let z = 34 + a. Suppose 2*v = 30 - 2. What is the greatest common divisor of z and v?
7
Suppose 5*j - 27 = 28. Let t be (-3)/9 + (-200)/(-6). What is the highest common factor of j and t?
11
Let i(u) = -u**3 + 18*u**2 - 20*u + 1. Let o be i(15). What is the greatest common divisor of 47 and o?
47
Suppose 5*r + o = -2*o - 81, 3*o = -4*r - 63. Let z = -14 - r. Calculate the highest common divisor of z and 2.
2
Let l be (-312)/(-16)*4/3. Let r = -14 + l. Suppose 0 = 3*x + x - 24. What is the greatest common factor of r and x?
6
Suppose -2*g + 49 = 5*g. What is the highest common factor of 56 and g?
7
Suppose -v + 42 - 9 = 0. What is the highest common divisor of 231 and v?
33
Suppose 5*a = 4*a + 24. Let k = 13 + -7. What is the highest common factor of a and k?
6
Let v be (5 - (-3 + 5)) + 21. What is the highest common divisor of v and 12?
12
Let o = -118 - -208. What is the highest common factor of 9 and o?
9
Suppose 3*l - 3*c - 12 = 0, 3*l + 0*c = -2*c + 32. Let d be 8 + (-1 - -3) - -2. Calculate the greatest common divisor of l and d.
4
Suppose 0 = -u - u. Suppose -4*q + u*f - 4*f + 36 = 0, -5*f - 63 = -4*q. Calculate the greatest common factor of q and 96.
12
Let l = 6 + -10. Let n = l - -4. Suppose 5*c - 5*x + x - 65 = n, 4*x - 16 = -4*c. What is the greatest common divisor of c and 9?
9
Let x be -5 - (-1*3)/3. Let o be (x + 0)/((-4)/6). What is the highest common divisor of o and 9?
3
Let w = -2 + 4. Suppose -c - 8 = i - 1, 5*i + 29 = -w*c. Let o be (-2)/(-6)*3 - i. Calculate the highest common factor of 1 and o.
1
Suppose 0 = 5*k + 10 - 0, -5*k = -3*t + 10. Suppose 4*p = 5*q + 46, t*p - 4*q = 4*p - 64. What is the highest common factor of 126 and p?
14
Let j be 1 + -2 - 75/(-3). Calculate the greatest common factor of j and 72.
24
Let p(r) = -r**2 - 6*r - 2. Let m be p(-5). Let g = 15 - m. Let a = g + -2. Calculate the highest common factor of a and 15.
5
Let o(x) = 2*x - 156. Let r(s) = -2*s + 155. Let d(h) = -5*o(h) - 4*r(h). Let b be d(0). What is the highest common divisor of 20 and b?
20
Let f(v) = 2*v - 4. Let l be f(-2). Let x = l - -16. What is the greatest common divisor of x and 12?
4
Let f(w) = w**3 + 4*w**2 - 2*w - 6. Let d be f(-4). Suppose d*h - 4*h = -44. Let v be 243 - 2 - (1 + -2). Calculate the highest common divisor of v and h.
22
Suppose 1 = 5*n - 4. Let d be -3 + 3 + 44*n. Calculate the greatest common divisor of 11 and d.
11
Let y(r) = -r**3 + 7*r**2 + 8*r + 10. Let s be y(8). Let n be (84/s)/(7/35). What is the highest common divisor of 6 and n?
6
Let x(g) = -g**3 + 14 + 10*g**2 + 14*g - g + 0*g. Let z be x(10). Let o = -8 - -24. What is the greatest common factor of z and o?
16
Let v(u) be the first derivative of -2 - u**3 + u + 1/2*u**2 + 3/4*u**4. Let o be v(2). What is the greatest common factor of o and 15?
15
Let u be 2 + 69*6/9. What is the greatest common divisor of u and 12?
12
Let o = -2 + 13. What is the highest common factor of 44 and o?
11
Let x = 121 - 44. Suppose n - 2*n = -7. Calculate the greatest common factor of n and x.
7
Suppose -5*w - 1 + 